visor of 42 and 84.
42
What is the highest common factor of 2 and 366?
2
Calculate the greatest common divisor of 108 and 3204.
36
What is the greatest common factor of 400 and 112?
16
What is the greatest common factor of 7249 and 11?
11
Calculate the greatest common factor of 50 and 10.
10
Calculate the highest common factor of 34 and 459.
17
Calculate the greatest common divisor of 30 and 1280.
10
Calculate the highest common factor of 99 and 36.
9
What is the highest common factor of 57 and 133?
19
What is the highest common factor of 3 and 741?
3
Calculate the highest common divisor of 450 and 350.
50
What is the greatest common divisor of 377 and 26?
13
Calculate the highest common factor of 3268 and 1204.
172
Calculate the greatest common factor of 45 and 10.
5
Calculate the greatest common factor of 44 and 1364.
44
Calculate the highest common divisor of 24 and 948.
12
What is the highest common divisor of 132 and 946?
22
What is the highest common factor of 58 and 27579?
29
What is the greatest common factor of 6194 and 38?
38
Calculate the greatest common factor of 1458 and 594.
54
What is the greatest common divisor of 1070 and 10?
10
Calculate the greatest common factor of 5487 and 31.
31
What is the highest common divisor of 1216 and 1024?
64
What is the highest common divisor of 2043 and 81?
9
Calculate the highest common factor of 18800 and 300.
100
What is the highest common factor of 266 and 38?
38
What is the greatest common factor of 150 and 5825?
25
What is the greatest common divisor of 1630 and 90?
10
Calculate the highest common divisor of 246 and 164.
82
Calculate the greatest common divisor of 57 and 57.
57
What is the highest common divisor of 33 and 473?
11
What is the highest common divisor of 24604 and 4?
4
What is the greatest common divisor of 765 and 36?
9
Calculate the highest common factor of 476 and 28.
28
Calculate the highest common factor of 6 and 1968.
6
Calculate the highest common divisor of 4615 and 104.
13
What is the highest common factor of 48 and 120?
24
What is the greatest common factor of 405 and 180?
45
Calculate the greatest common divisor of 2480 and 868.
124
Calculate the highest common divisor of 440 and 198.
22
Calculate the highest common factor of 12 and 1338.
6
What is the greatest common divisor of 22 and 231?
11
Calculate the highest common divisor of 7 and 5257.
7
What is the greatest common divisor of 25448 and 8?
8
Calculate the greatest common divisor of 49 and 497.
7
Calculate the highest common factor of 140 and 100.
20
Calculate the highest common divisor of 48 and 444.
12
Calculate the greatest common factor of 2648 and 8.
8
What is the highest common divisor of 23684 and 124?
124
Calculate the highest common factor of 1177 and 4922.
107
Calculate the highest common divisor of 160 and 26720.
160
Calculate the highest common divisor of 68 and 52.
4
What is the greatest common factor of 99 and 1683?
99
What is the greatest common divisor of 98 and 13181?
49
Calculate the greatest common factor of 630 and 2961.
63
What is the highest common factor of 105 and 7?
7
What is the greatest common divisor of 38 and 158?
2
Calculate the highest common divisor of 57 and 76.
19
Calculate the greatest common factor of 935 and 170.
85
Calculate the highest common factor of 4773 and 387.
129
What is the greatest common divisor of 32 and 12?
4
Calculate the greatest common divisor of 2697 and 93.
93
Calculate the highest common divisor of 48 and 20592.
48
What is the highest common divisor of 88 and 308?
44
What is the highest common divisor of 1105 and 34?
17
Calculate the highest common factor of 16 and 536.
8
What is the greatest common divisor of 5828 and 248?
124
What is the highest common divisor of 46 and 102?
2
Calculate the highest common divisor of 574 and 112.
14
What is the highest common factor of 71 and 2911?
71
Calculate the greatest common divisor of 133 and 7.
7
Calculate the highest common factor of 33 and 836.
11
What is the greatest common factor of 2 and 11?
1
Calculate the greatest common factor of 1846 and 284.
142
Calculate the highest common factor of 495 and 11715.
165
Calculate the greatest common factor of 30 and 75.
15
What is the greatest common divisor of 1152 and 216?
72
What is the greatest common factor of 39 and 69?
3
Calculate the highest common divisor of 217 and 62.
31
Calculate the greatest common divisor of 10933 and 3393.
377
Calculate the greatest common divisor of 24 and 176.
8
What is the greatest common divisor of 30 and 555?
15
What is the greatest common factor of 45 and 1125?
45
Calculate the highest common factor of 11 and 52.
1
Calculate the highest common factor of 15 and 69.
3
Calculate the greatest common factor of 728 and 287.
7
What is the greatest common factor of 196 and 56?
28
What is the greatest common factor of 69 and 92?
23
What is the highest common divisor of 155 and 496?
31
What is the greatest common divisor of 2108 and 136?
68
What is the greatest common factor of 147 and 336?
21
Calculate the greatest common divisor of 19 and 113.
1
What is the highest common factor of 3472 and 372?
124
What is the greatest common divisor of 54 and 42?
6
Calculate the greatest common factor of 32 and 956.
4
Calculate the greatest common factor of 29 and 58.
29
Calculate the greatest common factor of 152 and 171.
19
What is the greatest common factor of 2537 and 129?
43
What is the highest common factor of 71 and 142?
71
What is the highest common factor of 60 and 555?
15
What is the greatest common divisor of 54 and 135?
27
Calculate the highest common factor of 11530 and 10.
10
Calculate the highest common divisor of 245 and 70.
35
What is the highest common factor of 524 and 10611?
131
What is the highest common divisor of 2 and 1478?
2
What is the highest common divisor of 170 and 290?
10
Calculate the greatest common divisor of 60 and 45.
15
Calculate the greatest common divisor of 24 and 768.
24
What is the highest common factor of 435 and 10?
5
What is the greatest common divisor of 1066 and 26?
26
Calculate the highest common factor of 219 and 5694.
219
What is the highest common divisor of 8 and 18728?
8
Calculate the greatest common factor of 462 and 88.
22
Calculate the highest common divisor of 21907 and 19.
19
Calculate the highest common divisor of 8 and 7688.
8
What is the greatest common factor of 28 and 189?
7
What is the greatest common divisor of 14 and 142?
2
Calculate the highest common divisor of 91 and 572.
13
Calculate the greatest common divisor of 1008 and 63.
63
Calculate the highest common factor of 360 and 14520.
120
What is the greatest common divisor of 7725 and 412?
103
Calculate the highest common divisor of 91 and 104.
13
Calculate the highest common factor of 310 and 30.
10
Calculate the greatest common divisor of 12260 and 60.
20
Calculate the highest common divisor of 64 and 5184.
64
Calculate the greatest common factor of 567 and 42.
21
Calculate the highest common factor of 44 and 418.
22
What is the greatest common divisor of 475 and 190?
95
Calculate the greatest common divisor of 8 and 416.
8
What is the highest common factor of 169 and 1222?
13
Calculate the greatest common factor of 75 and 5575.
25
Calculate the greatest common factor of 5 and 280.
5
Calculate the highest common factor of 2 and 26.
2
Calculate the greatest common factor of 1678 and 2.
2
Calculate the greatest common divisor of 470 and 30.
10
Calculate the greatest common divisor of 10 and 310.
10
What is the greatest common divisor of 1226 and 2?
2
Calculate the highest common divisor of 68 and 51.
17
Calculate the highest common divisor of 468 and 225.
9
Calculate the greatest common factor of 560 and 32.
16
Calculate the greatest common divisor of 2 and 13.
1
What is the greatest common factor of 8374 and 474?
158
Calculate the highest common factor of 117 and 312.
39
What is the greatest common divisor of 40 and 260?
20
What is the greatest common factor of 118 and 826?
118
What is the greatest common divisor of 124 and 496?
124
What is the highest common factor of 940 and 80?
20
What is the greatest common divisor of 715 and 275?
55
What is the greatest common factor of 12056 and 44?
44
What is the highest common factor of 18